value of -3 + 3 + (9 - (-2 - -11)) + 6?
6
Calculate (3 - -11 - (-7 + 12)) + -5 - 8.
-4
-5 + 1 + -1 + 13 + 22 + -13
17
1 + -6 - (-409 - -386)
18
Evaluate 0 - (12 - (-4 + 25)).
9
Evaluate 9 + (2 - (47 - 47 - (-1 - -8))).
18
What is 6 + 9 - (5 + 2)?
8
22 - 6 - (25 + (6 - 21))
6
-20 + 3 - (-121 + 117)
-13
Evaluate -4 + (32 - 30 - (-1 + -2)).
1
What is (73 + -46 - 55) + (-5 - (0 + 0))?
-33
6 + 2 + -2 + (-58 - -52)
0
What is the value of 3 + -14 - (-11 - -13)?
-13
Calculate 17 + -7 + (3 - (-2 + (9 - 18))).
24
Calculate 94 + -84 + (-2 - -6).
14
Calculate 35 + (-1 - (30 - (17 - 1))).
20
Evaluate -19 + 23 + (1 - 7 - 5).
-7
What is the value of (20 - -22 - 12) + -14?
16
What is the value of -44 + 51 + -25 - -8?
-10
Evaluate -12 + (-15 - -14) + 4.
-9
Calculate -36 + 45 - (-4 - (5 + 2 + -6)).
14
Evaluate (0 - (12 - -4)) + 15 - 3.
-4
Calculate -32 + 17 + 29 - 0.
14
Evaluate -9 + -5 + 4 + 11.
1
What is the value of 10 + -19 + (23 + -12 - 11)?
-9
What is (16 - 17) + 21 + -5?
15
Evaluate 17 + -29 - (-21 + -3).
12
Evaluate (13 + -55 - -26) + 0.
-16
What is -68 + (-41 - (-27 + -44))?
-38
What is 23 + (10 + -3 - 7) + -4?
19
What is -997 + 1019 - (7 - 1)?
16
What is (-5 - (-2 - 0)) + -8 + -6 + 21?
4
What is the value of 3 - (-2 - 0) - 3 - (-3 + 5)?
0
What is the value of -121 - -122 - ((-3 - -1) + 0)?
3
Evaluate 14 + 1 + -9 + 8.
14
What is -2 + -19 + (-3 + 14 - (-17 + 21))?
-14
8 + (-15 - (-12 - -26))
-21
Evaluate 17 + -20 + (-1 + -4 + 8 - -7).
7
What is the value of -1 + 9 + 0 + 1 - 19?
-10
Calculate 2 + -11 - (-2 + (-26 - 9) + 5).
23
What is the value of 172 + -158 + (-12 - -6 - (0 - 2))?
10
What is (-18 - -26) + 3 - (1 - -4)?
6
(-15 - 7) + 35 + 0 + -31
-18
Evaluate (5 - -1) + (120 - 116 - (0 - 2)).
12
What is the value of 11 - (-25 + (32 - 9))?
13
What is the value of -1 - (1 - -1) - (-12 + (19 - 17))?
7
Evaluate -6 + 18 + (-13 - -1).
0
Calculate -22 + 6 + (1 - (-8 + 11)).
-18
Evaluate (-15 - -32) + -24 + -25.
-32
What is the value of 6 + 9 + -18 + (2 - -11)?
10
Evaluate (-22 - -2) + -276 + 283.
-13
-1 - (-6 + 7 - (14 + -3))
9
What is 0 - (2 - (-4 + -1)) - (-265 - -268)?
-10
What is 4 + (-32 - -9) - (0 - 6 - -3)?
-16
Evaluate -4 - (6 - (2 - (-1 - 0))).
-7
Calculate 45 - 4 - (89 - 63).
15
0 + 4 + (0 - 0) + (6 - -1)
11
-9 + (10 - 6) - 14
-19
Calculate -4 - (-9 - 1) - (10 + -2).
-2
Evaluate (-24 - -32 - (-17 - -2)) + 1.
24
What is the value of -2 + (-18 - (24 - 27))?
-17
What is the value of ((-6 - -3) + 1 - (2 - 3)) + -2?
-3
15 + (-11 - 0) + -11 + 17 + -8
2
Evaluate -18 + 33 - (8 + -5).
12
Calculate -8 + (5 - 3) - 0.
-6
Evaluate (1 - 2 - 8) + 33 + -1 + -6.
17
Calculate -18 + 18 + (6 - 2 - (7 - 3)).
0
Calculate (7 - (16 + -12)) + -4.
-1
Evaluate 8 - (-1 + (-14 - -17)).
6
What is -5 + (-25 - 11) + 25?
-16
What is the value of 10 - (8 + (-4 + 5 - -3) + -7)?
5
What is 30 + 6 + -3 + 4 + -11 + 0?
26
31 + (38 - 70) - 19
-20
Calculate 6 - 2 - 3 - (-28 - -23).
6
What is the value of -37 + 16 + 19 + 19 + 6?
23
What is the value of (5 - (-1 - (-6 + 7))) + -2 + 6?
11
Evaluate -1 + -4 - (-16 - (-3 + -1 - -2)).
9
Calculate (-1487 - -1492) + (2 - 2 - (1 - -7)).
-3
Calculate 4 + -16 + 12 + 17.
17
Calculate -20 + 2 + 87 + -80.
-11
Evaluate -41 + (20 - 4) + 16.
-9
Calculate 7 + 1 + -14 + 6.
0
Evaluate -1 - (13 + -7) - -23.
16
(-8 - -17) + -22 + (-4 - 0) - -1
-16
Evaluate -37 + (20 + -13 + -14 - -21).
-23
22 - (26 + (-46 - -7))
35
(-89 - (-171 - -57)) + (12 - (1 + 1))
35
Calculate 1 + 12 + (142 - 149) - 8.
-2
What is 8 + -1 + 11 + -13?
5
What is 6 + (-3 + -5 + 0 - -12)?
10
Calculate 30 - (1 + 9 + (8 - (26 + -18))).
20
Calculate (-35 - -9) + 0 - -11.
-15
Evaluate -12 + 3 - -4 - (27 - (23 + -5)).
-14
Calculate 7 - (4 + 1 + -10 - (1 + -1)).
12
Evaluate 4 + 0 + -23 + 2 + (3 - -1).
-13
Calculate (13 + -7 - 6) + (5 + -9 - -10).
6
(-14 - -17) + -11 + 0 + -5 + -1
-14
Evaluate -37 - -8 - (-118 - -98).
-9
Evaluate (5 + 11 - (4 + 5)) + -1 + -12.
-6
What is -39 - (-18 + -4 + 2)?
-19
Evaluate 31 - (-15 - (-28 + -3)).
15
(2 - 15 - -1) + (29 - 25)
-8
Calculate (12 - (-13 + 44)) + 3 + 1.
-15
What is the value of (-1 - -2 - 3) + 2 + (-201 - -184)?
-17
Evaluate 24 + 63 + -69 + (3 + 3 - -5).
29
8 - (62 + -69 - (0 + -5) - -9)
1
Calculate 27 + -5 + 31 + (-14 - 2).
37
6 - -3 - (12 - 0)
-3
What is (-5 - -2 - 2) + 1 + (-10 - -5)?
-9
What is -19 + (10 - (2 - 5) - 4)?
-10
Calculate 6 - (1 - (15 - 25)) - (10 + -1).
-14
Evaluate (-53 - -21 - -33) + 12 + (2 - 0).
15
What is the value of -2 + -11 + 3 + 1 + 2?
-7
What is 3 + (4 - -2) + (5 - 28)?
-14
What is the value of -6 + 10 + -8 + (-4 - -6)?
-2
Calculate 1 + (-1 - 1 - (1 + -7 + 0)).
5
Evaluate (-2 - -12) + (-14 - (-36 + -11 + 16)).
27
Evaluate 33 + -14 + -15 - 7.
-3
What is 0 + 4 + (-6 - -4 - 11)?
-9
What is the value of -7 + -1 + 2 + -11 + (6 - 4)?
-15
What is the value of -3 + (2 - (7 + -2)) + -1 + 6?
-1
Calculate 15 + -2 + 1 - (113 - 114) - 3.
12
What is 20 - 23 - 11 - (1 - -11)?
-26
What is the value of 1 - 24 - (-463 + 424)?
16
Calculate 16 - (8 - -8 - (2 + 6)).
8
5 + (-6 - -5) + -15 + 9
-2
(29 + (4 - 12) - (8 - 10)) + -9
14
Calculate -9 - (10 - 31) - (5 - -2).
5
19 - 10 - 17 - (-23 - 6)
21
What is the value of 20 - (3 - (-4 + -7))?
6
-25 + 37 - ((-3 - 7) + 19)
3
What is 9 + -9 + 2 + (-11 - -12)?
3
What is (-3 - (-1 + -3) - 17) + 12?
-4
What is -11 - (-3 + 5) - (95 - 98) - -25?
15
Evaluate (-7 - -11) + 12 + -2 - 5.
9
Evaluate 9 + (-17 + 7 - -9) + -4.
4
(-11 + 9 - (-14 + 3)) + -16 + -8
-15
Evaluate -7 - (1 - (8 - 2)) - (-3 + -2).
3
Calculate -4 - -2 - (-18 + (-2 - -4)).
14
Evaluate 2 + (26 - 46 - -32).
14
What is -1 - 3 - ((-37 - -41) + (-3 - -2))?
-7
(-17 - -3) + (14 - (-5 + 12 + 2))
-9
What is (14 - 0) + 151 + -151 + (-2 - 1)?
11
Evaluate 7 - -7 - (6 + 12).
-4
What is -2 + -6 + -28 + (12 - -24)?
0
Evaluate 15 - (6 + 3 + 4).
2
Calculate 2 + -8 - (5 + -8).
-3
Evaluate 28 + (-5 - (-11 + (-2 + 18 - 7))).
25
4 + (-4 - (3 - 3)) + 0 - -9
9
Calculate 81 + (30 - 66) + -32.
13
-15 - (0 + -16 - -6)
-5
What is (10 - 2) + (-6 - (3 + -3) - 11)?
-9
(-5 - (6 + 0)) + (-62 - -74)
1
Calculate 1 + 11 + -2 + -14.
-4
(-8 - (-5 + -2)) + -2 + 1 + -2
-4
24 + -28 + -5 + 14 + 1
6
What is the value of 38 + (-15 - (-20 - -15 - -2))?
26
-1 + -13 + 2 + (5 - -1) + 5
-1
What is the value of (-52 - -30) + 28 + (-19 - (5 - 2))?
-16
Calculate 12 - ((-3 - -1 - (-3 + 2)) + 2).
11
Calculate (19 - 27 - -10) + 2.
4
What is the value of -16 + 2 + 32 - 9?
9
Calculate (-12 - -8) + -13 + -7 + 11.
-13
Evaluate -3 + (4 - (0 + 0)) + -11.
-10
What is (0 - 2) + -15 + (-7 - -28 - 15)?
-11
Calculate -15 + (22 + -44 - (-9 - 0)) + 6.
-22
-11 + (-13 + 4 - -26) - -9
15
What is the value of -19 + (37 - 37) + -9?
-28
Calculate -2 - (1 - -2) - (372 + -388) - -6.
17
What is (1 - 5) + 6 + (4 - 16) - -2?
-8
5 - (18 - (-4 - -12)) - (-2 + 12)
-15
(14 - 3) + (-49 + 31 - -7)
0
-22 + -5 + 42 + -34
-19
(16 - 8) + (-2 - 2 - -2) + -1
5
(26 - 0) + (9 + 18 + -23 - 10)
20
What is the value of (-2 - -7) + 5 + -28?
-18
Calculate 7 + -3 + (10 - -3).
17
Calculate 6 + (2 - (7 - 1)) + 1 + 10.
13
Evaluate 10 - 20 - -14 - (17 - 2).
-11
Calculate -2 - (5 - (3 + 5 + 8)).
9
What is the value of 1 - 9 - (-3 - (-10 - -11))?
-4
What is 40 + -36 + 16 - 37?
-17
What is the value of (-25 - -3) + ((-12 - -1) + 21 - 6)?
-18
What is -19 + -1 + -6 + 1 + (-10 - -12)?
-23
What is the value of -19 + 30 - (8 + 1 + 7)?
-5
Evaluate -20 + (15 - 4) + 0 + 20.
11
Evaluate (-3 - -5) + 12 + (-19 - -8) - 4.
-1
What is (6 - 4 - -10) + -25 + -7?
-20
Evaluate -4 - (7 - (-5 - (-8 + 0))).
-8
What is 32 + (29 - 7 - 31)?
23
(2 - (2 + -1)) + -1
0
What is the value of 16 + -29 - -17 - 24?
-20
2 + 18 + (139 - 176)
-17
What is the value of 134 - 122 - ((-1 - -2) + 2 + -5)?
14
Calculate 1 + 1 + 103 + -113.
-8
What is (-1143 - -1160) + (-6 + -1 - 0)?
10
-34 + (-19 - -32) + 7
-14
What is the value of (-7 - (-13 + -27)) + -24?
9
-6 + 27 + -10 - (4 - -31)
-24
Evaluate -6 + -2 + -4 + -19 + 7 + 6.
-18
What is the value of -2 + 2 + 8 + -5 + 15 + -3?
15
Calculate (0 - (0 - 2)) + (-121 - -121).
2
What is 10 - ((-2 - 3 - -8) + 2 + -14)?
19
What is the value of 25 - (-4 - 3 - -23)?
9
What is the value of -2 - (-6 + -23 + 22)?
5
What is the value of -11 + (9 - -7) + -10?
-5
Evaluate 4 + (-3 - 3 - (3 - (-10 + 8))).
-7
Calculate 7 - 4 - (6 + 9).
-12
Evaluate 7 + 4 + -2 + (-57 